{"id":866,"date":"2022-03-10T08:48:19","date_gmt":"2022-03-10T07:48:19","guid":{"rendered":"https:\/\/wiazownica.przemyska.pl\/?page_id=866"},"modified":"2025-03-09T19:53:13","modified_gmt":"2025-03-09T18:53:13","slug":"aktualnosci","status":"publish","type":"page","link":"https:\/\/wiazownica.przemyska.pl\/index.php\/parafia\/aktualnosci\/","title":{"rendered":"Aktualno\u015bci"},"content":{"rendered":"<ul class=\"wp-block-latest-posts__list has-dates has-author wp-block-latest-posts\"><li><a class=\"wp-block-latest-posts__post-title\" href=\"https:\/\/wiazownica.przemyska.pl\/index.php\/2026\/04\/23\/wizyta-abpa-adama-szala\/\">Wizyta abpa Adama Szala<\/a><div class=\"wp-block-latest-posts__post-author\">przez Admin<\/div><time datetime=\"2026-04-23T10:35:22+02:00\" class=\"wp-block-latest-posts__post-date\">23 kwietnia 2026<\/time><\/li>\n<li><a class=\"wp-block-latest-posts__post-title\" href=\"https:\/\/wiazownica.przemyska.pl\/index.php\/2026\/04\/04\/rekolekcje-wakacyjne-2026\/\">Rekolekcje wakacyjne 2026<\/a><div class=\"wp-block-latest-posts__post-author\">przez ks. Jan<\/div><time datetime=\"2026-04-04T14:40:07+02:00\" class=\"wp-block-latest-posts__post-date\">4 kwietnia 2026<\/time><\/li>\n<li><a class=\"wp-block-latest-posts__post-title\" href=\"https:\/\/wiazownica.przemyska.pl\/index.php\/2026\/03\/28\/liturgia-w-czasie-triduum-paschalnego-2026\/\">Liturgia w czasie Triduum Paschalnego 2026<\/a><div class=\"wp-block-latest-posts__post-author\">przez ks. Bart\u0142omiej<\/div><time datetime=\"2026-03-28T23:26:45+01:00\" class=\"wp-block-latest-posts__post-date\">28 marca 2026<\/time><\/li>\n<li><a class=\"wp-block-latest-posts__post-title\" href=\"https:\/\/wiazownica.przemyska.pl\/index.php\/2026\/03\/28\/czuwanie-przy-ciemnicy-i-przy-bozym-grobie-triduum-paschalne-2026-grafik\/\">Czuwanie przy Ciemnicy i przy Bo\u017cym Grobie, Triduum Paschalne 2026 &#8211; Grafik<\/a><div class=\"wp-block-latest-posts__post-author\">przez ks. Bart\u0142omiej<\/div><time datetime=\"2026-03-28T23:23:45+01:00\" class=\"wp-block-latest-posts__post-date\">28 marca 2026<\/time><\/li>\n<li><a class=\"wp-block-latest-posts__post-title\" href=\"https:\/\/wiazownica.przemyska.pl\/index.php\/2026\/03\/07\/9142\/\">Wizyta duszpasterska z rozwa\u017caniem S\u0142owa Bo\u017cego<\/a><div class=\"wp-block-latest-posts__post-author\">przez ks. Jan<\/div><time datetime=\"2026-03-07T22:15:36+01:00\" class=\"wp-block-latest-posts__post-date\">7 marca 2026<\/time><\/li>\n<li><a class=\"wp-block-latest-posts__post-title\" href=\"https:\/\/wiazownica.przemyska.pl\/index.php\/2026\/02\/28\/list-pasterski-metropolity-przemyskiego-na-wielki-post-2026-wlasnym-przykladem-uswiecic-okres-pokuty-i-niedziela-wielkiego-postu\/\">LIST PASTERSKI Metropolity Przemyskiego na Wielki Post 2026 &#8211; W\u0142asnym przyk\u0142adem u\u015bwi\u0119ci\u0107 okres pokuty &#8211; I niedziela Wielkiego Postu<\/a><div class=\"wp-block-latest-posts__post-author\">przez ks. Jan<\/div><time datetime=\"2026-02-28T21:56:08+01:00\" class=\"wp-block-latest-posts__post-date\">28 lutego 2026<\/time><\/li>\n<li><a class=\"wp-block-latest-posts__post-title\" href=\"https:\/\/wiazownica.przemyska.pl\/index.php\/2026\/02\/28\/projekt-oltarza-i-ambony\/\">Projekt o\u0142tarza i ambony<\/a><div class=\"wp-block-latest-posts__post-author\">przez ks. Jan<\/div><time datetime=\"2026-02-28T12:21:09+01:00\" class=\"wp-block-latest-posts__post-date\">28 lutego 2026<\/time><\/li>\n<\/ul>","protected":false},"excerpt":{"rendered":"","protected":false},"author":1,"featured_media":0,"parent":415,"menu_order":0,"comment_status":"closed","ping_status":"closed","template":"","meta":{"neve_meta_sidebar":"","neve_meta_container":"","neve_meta_enable_content_width":"","neve_meta_content_width":0,"neve_meta_title_alignment":"","neve_meta_author_avatar":"","neve_post_elements_order":"","neve_meta_disable_header":"","neve_meta_disable_footer":"","neve_meta_disable_title":"","footnotes":""},"class_list":["post-866","page","type-page","status-publish","hentry"],"_links":{"self":[{"href":"https:\/\/wiazownica.przemyska.pl\/index.php\/wp-json\/wp\/v2\/pages\/866","targetHints":{"allow":["GET"]}}],"collection":[{"href":"https:\/\/wiazownica.przemyska.pl\/index.php\/wp-json\/wp\/v2\/pages"}],"about":[{"href":"https:\/\/wiazownica.przemyska.pl\/index.php\/wp-json\/wp\/v2\/types\/page"}],"author":[{"embeddable":true,"href":"https:\/\/wiazownica.przemyska.pl\/index.php\/wp-json\/wp\/v2\/users\/1"}],"replies":[{"embeddable":true,"href":"https:\/\/wiazownica.przemyska.pl\/index.php\/wp-json\/wp\/v2\/comments?post=866"}],"version-history":[{"count":32,"href":"https:\/\/wiazownica.przemyska.pl\/index.php\/wp-json\/wp\/v2\/pages\/866\/revisions"}],"predecessor-version":[{"id":8340,"href":"https:\/\/wiazownica.przemyska.pl\/index.php\/wp-json\/wp\/v2\/pages\/866\/revisions\/8340"}],"up":[{"embeddable":true,"href":"https:\/\/wiazownica.przemyska.pl\/index.php\/wp-json\/wp\/v2\/pages\/415"}],"wp:attachment":[{"href":"https:\/\/wiazownica.przemyska.pl\/index.php\/wp-json\/wp\/v2\/media?parent=866"}],"curies":[{"name":"wp","href":"https:\/\/api.w.org\/{rel}","templated":true}]}}

Aktualności

<ul class="wp-block-latest-posts__list has-dates has-author wp-block-latest-posts"><li><a class="wp-block-latest-posts__post-title" href="https://wiazownica.przemyska.pl/index.php/2026/04/23/wizyta-abpa-adama-szala/">Wizyta abpa Adama Szala</a><div class="wp-block-latest-posts__post-author">przez Admin</div><time datetime="2026-04-23T10:35:22+02:00" class="wp-block-latest-posts__post-date">23 kwietnia 2026</time></li>
<li><a class="wp-block-latest-posts__post-title" href="https://wiazownica.przemyska.pl/index.php/2026/04/04/rekolekcje-wakacyjne-2026/">Rekolekcje wakacyjne 2026</a><div class="wp-block-latest-posts__post-author">przez ks. Jan</div><time datetime="2026-04-04T14:40:07+02:00" class="wp-block-latest-posts__post-date">4 kwietnia 2026</time></li>
<li><a class="wp-block-latest-posts__post-title" href="https://wiazownica.przemyska.pl/index.php/2026/03/28/liturgia-w-czasie-triduum-paschalnego-2026/">Liturgia w czasie Triduum Paschalnego 2026</a><div class="wp-block-latest-posts__post-author">przez ks. Bartłomiej</div><time datetime="2026-03-28T23:26:45+01:00" class="wp-block-latest-posts__post-date">28 marca 2026</time></li>
<li><a class="wp-block-latest-posts__post-title" href="https://wiazownica.przemyska.pl/index.php/2026/03/28/czuwanie-przy-ciemnicy-i-przy-bozym-grobie-triduum-paschalne-2026-grafik/">Czuwanie przy Ciemnicy i przy Bożym Grobie, Triduum Paschalne 2026 &#8211; Grafik</a><div class="wp-block-latest-posts__post-author">przez ks. Bartłomiej</div><time datetime="2026-03-28T23:23:45+01:00" class="wp-block-latest-posts__post-date">28 marca 2026</time></li>
<li><a class="wp-block-latest-posts__post-title" href="https://wiazownica.przemyska.pl/index.php/2026/03/07/9142/">Wizyta duszpasterska z rozważaniem Słowa Bożego</a><div class="wp-block-latest-posts__post-author">przez ks. Jan</div><time datetime="2026-03-07T22:15:36+01:00" class="wp-block-latest-posts__post-date">7 marca 2026</time></li>
<li><a class="wp-block-latest-posts__post-title" href="https://wiazownica.przemyska.pl/index.php/2026/02/28/list-pasterski-metropolity-przemyskiego-na-wielki-post-2026-wlasnym-przykladem-uswiecic-okres-pokuty-i-niedziela-wielkiego-postu/">LIST PASTERSKI Metropolity Przemyskiego na Wielki Post 2026 &#8211; Własnym przykładem uświęcić okres pokuty &#8211; I niedziela Wielkiego Postu</a><div class="wp-block-latest-posts__post-author">przez ks. Jan</div><time datetime="2026-02-28T21:56:08+01:00" class="wp-block-latest-posts__post-date">28 lutego 2026</time></li>
<li><a class="wp-block-latest-posts__post-title" href="https://wiazownica.przemyska.pl/index.php/2026/02/28/projekt-oltarza-i-ambony/">Projekt ołtarza i ambony</a><div class="wp-block-latest-posts__post-author">przez ks. Jan</div><time datetime="2026-02-28T12:21:09+01:00" class="wp-block-latest-posts__post-date">28 lutego 2026</time></li>
</ul>
