{"id":433,"date":"2022-03-07T11:31:15","date_gmt":"2022-03-07T10:31:15","guid":{"rendered":"https:\/\/wiazownica.przemyska.pl\/?page_id=433"},"modified":"2022-03-27T14:53:27","modified_gmt":"2022-03-27T12:53:27","slug":"pogrzeb","status":"publish","type":"page","link":"https:\/\/wiazownica.przemyska.pl\/index.php\/sakramenty\/pogrzeb\/","title":{"rendered":"Pogrzeb"},"content":{"rendered":"\t\t<div data-elementor-type=\"wp-page\" data-elementor-id=\"433\" class=\"elementor elementor-433\">\n\t\t\t\t\t\t<section class=\"elementor-section elementor-top-section elementor-element elementor-element-1dd3084e elementor-section-boxed elementor-section-height-default elementor-section-height-default\" data-id=\"1dd3084e\" data-element_type=\"section\" data-e-type=\"section\">\n\t\t\t\t\t\t<div class=\"elementor-container elementor-column-gap-default\">\n\t\t\t\t\t<div class=\"elementor-column elementor-col-100 elementor-top-column elementor-element elementor-element-3f100e92\" data-id=\"3f100e92\" data-element_type=\"column\" data-e-type=\"column\">\n\t\t\t<div class=\"elementor-widget-wrap elementor-element-populated\">\n\t\t\t\t\t\t<div class=\"elementor-element elementor-element-200670d4 elementor-widget elementor-widget-image\" data-id=\"200670d4\" data-element_type=\"widget\" data-e-type=\"widget\" data-widget_type=\"image.default\">\n\t\t\t\t<div class=\"elementor-widget-container\">\n\t\t\t\t\t\t\t\t\t\t\t\t\t\t\t<img fetchpriority=\"high\" decoding=\"async\" width=\"686\" height=\"368\" src=\"https:\/\/wiazownica.przemyska.pl\/wp-content\/uploads\/2022\/03\/pogrzeb.webp\" class=\"attachment-large size-large wp-image-628\" alt=\"\" srcset=\"https:\/\/wiazownica.przemyska.pl\/wp-content\/uploads\/2022\/03\/pogrzeb.webp 686w, https:\/\/wiazownica.przemyska.pl\/wp-content\/uploads\/2022\/03\/pogrzeb-300x161.webp 300w\" sizes=\"(max-width: 686px) 100vw, 686px\" \/>\t\t\t\t\t\t\t\t\t\t\t\t\t\t\t<\/div>\n\t\t\t\t<\/div>\n\t\t\t\t\t<\/div>\n\t\t<\/div>\n\t\t\t\t\t<\/div>\n\t\t<\/section>\n\t\t\t\t<section class=\"elementor-section elementor-top-section elementor-element elementor-element-34c75166 elementor-section-boxed elementor-section-height-default elementor-section-height-default\" data-id=\"34c75166\" data-element_type=\"section\" data-e-type=\"section\">\n\t\t\t\t\t\t<div class=\"elementor-container elementor-column-gap-default\">\n\t\t\t\t\t<div class=\"elementor-column elementor-col-100 elementor-top-column elementor-element elementor-element-c479020\" data-id=\"c479020\" data-element_type=\"column\" data-e-type=\"column\">\n\t\t\t<div class=\"elementor-widget-wrap elementor-element-populated\">\n\t\t\t\t\t\t<div class=\"elementor-element elementor-element-4d811c02 elementor-widget elementor-widget-text-editor\" data-id=\"4d811c02\" data-element_type=\"widget\" data-e-type=\"widget\" data-widget_type=\"text-editor.default\">\n\t\t\t\t<div class=\"elementor-widget-container\">\n\t\t\t\t\t\t\t\t\t<p><strong>Niezb\u0119dne informacje dotycz\u0105ce chrze\u015bcija\u0144skiego pogrzebu:<br><\/strong>1. Pogrzeb przygotowuje najbli\u017csza rodzina lub upowa\u017cnione do tego (np. w testamencie) osoby.<br>2. Pogrzeb powinien mie\u0107 miejsce w parafii zamieszkania. Je\u017celi ma si\u0119 on odby\u0107 poza parafi\u0105 zamieszkania, potrzebna jest na to zgoda proboszcza miejsca.<br>3. Przy zg\u0142aszaniu pogrzebu nale\u017cy w kancelarii parafialnej przed\u0142o\u017cy\u0107 akt zgonu. Je\u017celi \u015bmier\u0107 nast\u0105pi\u0142a w szpitalu, nale\u017cy r\u00f3wnie\u017c postara\u0107 si\u0119 o za\u015bwiadczenie zaopatrzenia przed \u015bmierci\u0105 sakramentami (namaszczenie chorych, Wiatyk).<br>4. Liturgi\u0119 pogrzebu, miejsce poch\u00f3wku na cmentarzu oraz pozosta\u0142e szczeg\u00f3\u0142y organizacyjne ustala si\u0119 indywidualnie.<\/p><p><em>Nauczanie Ko\u015bcio\u0142a Katolickiego na temat pogrzebu:<br><\/em><em>Katechizm Ko\u015bcio\u0142a Katolickiego pkt. 1680-1690.<br><\/em><em>Obowi\u0105zuj\u0105ce normy prawne:<br><\/em><em>Kodeks Prawa Kanonicznego kan. 1176-1185.<\/em><\/p>\n<p><strong>Informacje dotycz\u0105ce pogrzebu katolickiego<br><\/strong>Katechizm naszego Ko\u015bcio\u0142a uczy nas, \u017ce: \u201ew \u015bmierci, b\u0119d\u0105cej rozdzieleniem duszy i cia\u0142a, cia\u0142o cz\u0142owieka ulega zniszczeniu, podczas gdy jego dusza idzie na spotkanie z Bogiem\u201d.<br>Oznacza to, \u017ce \u015bmier\u0107 nie jest absolutnym ko\u0144cem ludzkiego \u017cycia. Mo\u017ce by\u0107 traktowana najwy\u017cej jako kres jednego z jego etap\u00f3w, na podobie\u0144stwo narodzin cz\u0142owieka, b\u0119d\u0105cych zako\u0144czeniem \u017cycia p\u0142odowego, a zarazem \u2013 pocz\u0105tkiem istnienia poza \u0142onem matki. Raz zaistnia\u0142e \u017cycie cz\u0142owieka nigdy nie zostanie unicestwione, chocia\u017c podlega r\u00f3\u017cnym przemianom.<br>Jest o tym mocno przekonany Ko\u015bci\u00f3\u0142, kt\u00f3ry modli si\u0119: \u201ealbowiem \u017cycie Twoich wiernych, o Panie, zmienia si\u0119, ale si\u0119 nie ko\u0144czy, i gdy rozpadnie si\u0119 dom doczesnej pielgrzymki, znajd\u0105 przygotowane w niebie wieczne mieszkanie\u201d (Prefacja o zmar\u0142ych)<br>Z tak siln\u0105 wiar\u0105 winni\u015bmy prze\u017cywa\u0107 ka\u017cdy chrze\u015bcija\u0144ski pogrzeb, osoby nam bliskiej czy znanej.<br>Obrz\u0119dy pogrzebowe przewiduj\u0105 kilka form liturgii np.: Msza \u015bw. lub bez niej (w zale\u017cno\u015bci od poziomu religijnego zmar\u0142ego i okoliczno\u015bci jego \u015bmierci).<\/p>\n<p><strong>Ze wzgl\u0119du na wyj\u0105tkowy charakter sprawy, pogrzeb mo\u017cna zg\u0142asza\u0107 poza godzinami kancelaryjnymi.<br><\/strong>Gor\u0105co zach\u0119camy do modlitwy w intencji zmar\u0142ego, a zw\u0142aszcza do pe\u0142nego uczestnictwa we Mszy \u015bw. pogrzebowej. Wa\u017cne jest by przed pogrzebem przyst\u0105pi\u0107 do sakramentu pokuty i przyj\u0105\u0107 Komuni\u0119 \u015bw. w intencji zmar\u0142ego.<br>Tak\u017ce po pogrzebie o zmar\u0142ym nale\u017cy pami\u0119ta\u0107, otaczaj\u0105c go modlitewna pami\u0119ci\u0105 np. przez:<br>\u2013 Msze \u015bw. w 30 dzie\u0144 po \u015bmierci;<br>\u2013 Msze \u015bw. w rocznic\u0119 \u015bmierci;<br>\u2013 Msze \u015bw. w innych terminach (np. w dzie\u0144 imienin, urodzin);<br>\u2013 Msze \u015bw. gregoria\u0144skie;<br>\u2013 \u201ewypominki\u201d w miesi\u0105cu listopadzie;<\/p>\n<p><strong>UWAGA!<br><\/strong>Warto pami\u0119ta\u0107, \u017ce chrze\u015bcija\u0144ski pogrzeb nie przys\u0142uguje tym osobom, kt\u00f3re \u015bwiadomie i dobrowolnie zerwa\u0142y \u0142\u0105czno\u015b\u0107 z Ko\u015bcio\u0142em lub zmarli bez pokuty w gorsz\u0105cych okoliczno\u015bciach, albo z pogard\u0105 dla religii Ko\u015bcio\u0142a, uparcie odmawiaj\u0105c przyj\u0119cia sakrament\u00f3w!!!<br>Prawo do katolickiego pogrzebu ma ka\u017cdy ochrzczony, kt\u00f3ry do \u015bmierci wytrwa\u0142 w wierze i praktyce \u017cycia Ko\u015bcio\u0142a. W parafiach, w kt\u00f3rych jest zwyczaj odprawiania mszy \u015bwi\u0119tej pogrzebowej z obecno\u015bci\u0105 cia\u0142a zmar\u0142ego w ko\u015bciele, takie prawo przys\u0142uguje wszystkim, kt\u00f3rzy uczestniczyli w \u017cyciu wsp\u00f3lnoty ko\u015bcielnej. Je\u015bli za\u015b kto\u015b swoim \u017cyciem zaprzecza\u0142 przynale\u017cno\u015bci do Ko\u015bcio\u0142a, nie uczestniczy\u0142 w \u017cyciu wsp\u00f3lnoty wiary, dokona\u0142 r\u00f3\u017cnego rodzaju jawnych akt\u00f3w przeciwnych nauczaniu i praktyce Ko\u015bcio\u0142a, to nie powinno si\u0119 wprowadza\u0107 jego cia\u0142a do ko\u015bcio\u0142a. Nale\u017cy, stosownie do okoliczno\u015bci, odby\u0107 obrz\u0119dy pogrzebowe na cmentarzu, natomiast msza \u015bwi\u0119ta w intencji tego zmar\u0142ego niechaj zostanie odprawiona w ko\u015bciele bez wnoszenia jego cia\u0142a&nbsp;<em>(kan. 1184 n.).<\/em><\/p>\t\t\t\t\t\t\t\t<\/div>\n\t\t\t\t<\/div>\n\t\t\t\t\t<\/div>\n\t\t<\/div>\n\t\t\t\t\t<\/div>\n\t\t<\/section>\n\t\t\t\t<\/div>\n\t\t","protected":false},"excerpt":{"rendered":"<p>Niezb\u0119dne informacje dotycz\u0105ce chrze\u015bcija\u0144skiego pogrzebu:1. Pogrzeb przygotowuje najbli\u017csza rodzina lub upowa\u017cnione do tego (np. w testamencie) osoby.2. Pogrzeb powinien mie\u0107 miejsce w parafii zamieszkania. Je\u017celi ma si\u0119 on odby\u0107 poza parafi\u0105 zamieszkania, potrzebna jest na to zgoda proboszcza miejsca.3. Przy zg\u0142aszaniu pogrzebu nale\u017cy w kancelarii parafialnej przed\u0142o\u017cy\u0107 akt zgonu. Je\u017celi \u015bmier\u0107 nast\u0105pi\u0142a w szpitalu, nale\u017cy&hellip;&nbsp;<a href=\"https:\/\/wiazownica.przemyska.pl\/index.php\/sakramenty\/pogrzeb\/\" rel=\"bookmark\">Dowiedz si\u0119 wi\u0119cej &raquo;<span class=\"screen-reader-text\">Pogrzeb<\/span><\/a><\/p>\n","protected":false},"author":1,"featured_media":0,"parent":419,"menu_order":0,"comment_status":"closed","ping_status":"closed","template":"","meta":{"neve_meta_sidebar":"","neve_meta_container":"","neve_meta_enable_content_width":"","neve_meta_content_width":0,"neve_meta_title_alignment":"","neve_meta_author_avatar":"","neve_post_elements_order":"","neve_meta_disable_header":"","neve_meta_disable_footer":"","neve_meta_disable_title":"","footnotes":""},"class_list":["post-433","page","type-page","status-publish","hentry"],"_links":{"self":[{"href":"https:\/\/wiazownica.przemyska.pl\/index.php\/wp-json\/wp\/v2\/pages\/433","targetHints":{"allow":["GET"]}}],"collection":[{"href":"https:\/\/wiazownica.przemyska.pl\/index.php\/wp-json\/wp\/v2\/pages"}],"about":[{"href":"https:\/\/wiazownica.przemyska.pl\/index.php\/wp-json\/wp\/v2\/types\/page"}],"author":[{"embeddable":true,"href":"https:\/\/wiazownica.przemyska.pl\/index.php\/wp-json\/wp\/v2\/users\/1"}],"replies":[{"embeddable":true,"href":"https:\/\/wiazownica.przemyska.pl\/index.php\/wp-json\/wp\/v2\/comments?post=433"}],"version-history":[{"count":12,"href":"https:\/\/wiazownica.przemyska.pl\/index.php\/wp-json\/wp\/v2\/pages\/433\/revisions"}],"predecessor-version":[{"id":2897,"href":"https:\/\/wiazownica.przemyska.pl\/index.php\/wp-json\/wp\/v2\/pages\/433\/revisions\/2897"}],"up":[{"embeddable":true,"href":"https:\/\/wiazownica.przemyska.pl\/index.php\/wp-json\/wp\/v2\/pages\/419"}],"wp:attachment":[{"href":"https:\/\/wiazownica.przemyska.pl\/index.php\/wp-json\/wp\/v2\/media?parent=433"}],"curies":[{"name":"wp","href":"https:\/\/api.w.org\/{rel}","templated":true}]}}