{"id":423,"date":"2022-03-07T11:27:23","date_gmt":"2022-03-07T10:27:23","guid":{"rendered":"https:\/\/wiazownica.przemyska.pl\/?page_id=423"},"modified":"2025-03-15T20:05:55","modified_gmt":"2025-03-15T19:05:55","slug":"1-komunia-sw","status":"publish","type":"page","link":"https:\/\/wiazownica.przemyska.pl\/index.php\/sakramenty\/1-komunia-sw\/","title":{"rendered":"I Komunia \u015bw."},"content":{"rendered":"\t\t<div data-elementor-type=\"wp-page\" data-elementor-id=\"423\" class=\"elementor elementor-423\">\n\t\t\t\t\t\t<section class=\"elementor-section elementor-top-section elementor-element elementor-element-87c17ee elementor-section-boxed elementor-section-height-default elementor-section-height-default\" data-id=\"87c17ee\" data-element_type=\"section\" data-e-type=\"section\">\n\t\t\t\t\t\t<div class=\"elementor-container elementor-column-gap-default\">\n\t\t\t\t\t<div class=\"elementor-column elementor-col-100 elementor-top-column elementor-element elementor-element-444f987\" data-id=\"444f987\" data-element_type=\"column\" data-e-type=\"column\">\n\t\t\t<div class=\"elementor-widget-wrap elementor-element-populated\">\n\t\t\t\t\t\t<div class=\"elementor-element elementor-element-3d6d402 elementor-widget elementor-widget-image\" data-id=\"3d6d402\" data-element_type=\"widget\" data-e-type=\"widget\" data-widget_type=\"image.default\">\n\t\t\t\t<div class=\"elementor-widget-container\">\n\t\t\t\t\t\t\t\t\t\t\t\t\t\t\t<img fetchpriority=\"high\" decoding=\"async\" width=\"638\" height=\"423\" src=\"https:\/\/wiazownica.przemyska.pl\/wp-content\/uploads\/2022\/03\/Pierwsza_Komunia_Swieta.webp\" class=\"attachment-large size-large wp-image-608\" alt=\"\" srcset=\"https:\/\/wiazownica.przemyska.pl\/wp-content\/uploads\/2022\/03\/Pierwsza_Komunia_Swieta.webp 638w, https:\/\/wiazownica.przemyska.pl\/wp-content\/uploads\/2022\/03\/Pierwsza_Komunia_Swieta-300x199.webp 300w\" sizes=\"(max-width: 638px) 100vw, 638px\" \/>\t\t\t\t\t\t\t\t\t\t\t\t\t\t\t<\/div>\n\t\t\t\t<\/div>\n\t\t\t\t\t<\/div>\n\t\t<\/div>\n\t\t\t\t\t<\/div>\n\t\t<\/section>\n\t\t\t\t<section class=\"elementor-section elementor-top-section elementor-element elementor-element-ffece6a elementor-section-boxed elementor-section-height-default elementor-section-height-default\" data-id=\"ffece6a\" data-element_type=\"section\" data-e-type=\"section\">\n\t\t\t\t\t\t<div class=\"elementor-container elementor-column-gap-default\">\n\t\t\t\t\t<div class=\"elementor-column elementor-col-100 elementor-top-column elementor-element elementor-element-755e77f\" data-id=\"755e77f\" data-element_type=\"column\" data-e-type=\"column\">\n\t\t\t<div class=\"elementor-widget-wrap elementor-element-populated\">\n\t\t\t\t\t\t<div class=\"elementor-element elementor-element-f888f30 elementor-widget elementor-widget-text-editor\" data-id=\"f888f30\" data-element_type=\"widget\" data-e-type=\"widget\" data-widget_type=\"text-editor.default\">\n\t\t\t\t<div class=\"elementor-widget-container\">\n\t\t\t\t\t\t\t\t\t<div id=\"body\"><div id=\"container\"><div id=\"element_381\" class=\"ww_element\" data-element-type=\"text\" data-positionorigin=\"pageTopLeft\"><div id=\"element_381_content\" class=\"content text_content\"><div class=\"ww_text_wrapper forceLineHeight wwTextContent\"><p><strong>W zakresie przygotowania do pe\u0142nego uczestnictwa we Mszy \u015bwi\u0119tej przypomina si\u0119 o obowi\u0105zku przestrzegania w tym zakresie norm Synodu Archidiecezji Przemyskiej (statuty 273, 347 oraz Instrukcja z Aneksu 27).<\/strong><\/p><div>Ka\u017cda parafia Archidiecezji organizuje i prowadzi katechez\u0119 parafialn\u0105 dla dzieci, aby ich przygotowa\u0107 do \u015bwiadomego, pe\u0142nego i aktywnego uczestnictwa we Mszy \u015bwi\u0119tej i owocnego korzystania z sakramentu pokuty.<\/div><div>Pierwsza spowied\u017a i pierwsze pe\u0142ne uczestnictwo we Mszy \u015bw. winna mie\u0107 miejsce zasadniczo we w\u0142asnej parafii, kt\u00f3ra jest po rodzinie podstawowym \u015brodowiskiem rozwoju wiary. T\u0119 zasad\u0119 nale\u017cy corocznie (we wrze\u015bniu) przypomina\u0107, wiernym w og\u0142oszeniach parafialnych. Duszpasterze nie sugeruj\u0105 rodzicom, mo\u017cliwo\u015bci dostania zezwolenia od w\u0142asnego proboszcza, na celebracj\u0119 tych sakrament\u00f3w poza parafi\u0105, aby wzajemnie nie utrudnia\u0107 sobie pracy duszpasterskiej i nie przyczynia\u0107 si\u0119 do os\u0142abiania wi\u0119zi wiernych z w\u0142asn\u0105 parafi\u0105.<\/div><div>\u00a0<\/div><div>Gdyby zachodzi\u0142a konieczno\u015b\u0107, dla uzasadnionych racji, aby uroczysto\u015b\u0107 I Komunijna odbywa\u0142a si\u0119 poza parafi\u0105, ksi\u0105dz proboszcz po wys\u0142uchaniu argument\u00f3w rodzic\u00f3w i przeprowadzeniu duszpasterskiej rozmowy, udziela pisemnego pozwolenia na sam\u0105 tylko uroczysto\u015b\u0107. Natomiast przygotowanie dzieci do I spowiedzi i Komunii powinno odbywa\u0107 si\u0119 we w\u0142asnej parafii.<\/div><div>Ka\u017cda parafia prowadzi spotkania katechetyczno-formacyjne dla dzieci i ich rodzic\u00f3w.<\/div><div>\u00a0<\/div><div><strong>Zadania rodzic\u00f3w dzieci przygotowuj\u0105cych si\u0119 do I spowiedzi i Komunii \u015bw.:<\/strong><\/div><div>&#8211; wsp\u00f3lna wieczorna modlitwa rodzic\u00f3w z dzieckiem i za dziecko;<\/div><div>&#8211; systematyczne uczestnictwo wraz z dzieckiem w niedzielnych i \u015bwi\u0105tecznych mszach \u015bwi\u0119tych;<\/div><div>&#8211; kierowanie si\u0119 w \u017cyciu codziennym zasadami dekalogu;<\/div><div>&#8211; rozmowa z dzieckiem na tematy podejmowane podczas katechez;<\/div><div>&#8211; pomoc w opanowaniu podstawowych modlitw i zrozumieniu niezb\u0119dnych tre\u015bci zwi\u0105zanych z sakramentem pokuty i Eucharystii;<\/div><div>&#8211; pomoc dziecku w rozwoju moralnym, aby normy moralne zna\u0142o i zachowywa\u0142o z wewn\u0119trznego przekonania a nie tylko ze wzgl\u0119du na rodzic\u00f3w i otoczenie;<\/div><div>&#8211; codzienne \u015bwiadectwo \u017cycia z wiary;<\/div><div>&#8211; wychowywanie do \u017cycia w prawdzie i mi\u0142o\u015bci;<\/div><div>&#8211; troska o sprzyjaj\u0105cy klimat dla harmonijnego rozwoju dziecka.<\/div><\/div><\/div><\/div><\/div><\/div>\t\t\t\t\t\t\t\t<\/div>\n\t\t\t\t<\/div>\n\t\t\t\t\t<\/div>\n\t\t<\/div>\n\t\t\t\t\t<\/div>\n\t\t<\/section>\n\t\t\t\t<\/div>\n\t\t","protected":false},"excerpt":{"rendered":"<p>W zakresie przygotowania do pe\u0142nego uczestnictwa we Mszy \u015bwi\u0119tej przypomina si\u0119 o obowi\u0105zku przestrzegania w tym zakresie norm Synodu Archidiecezji Przemyskiej (statuty 273, 347 oraz Instrukcja z Aneksu 27). Ka\u017cda parafia Archidiecezji organizuje i prowadzi katechez\u0119 parafialn\u0105 dla dzieci, aby ich przygotowa\u0107 do \u015bwiadomego, pe\u0142nego i aktywnego uczestnictwa we Mszy \u015bwi\u0119tej i owocnego korzystania z&hellip;&nbsp;<a href=\"https:\/\/wiazownica.przemyska.pl\/index.php\/sakramenty\/1-komunia-sw\/\" rel=\"bookmark\">Dowiedz si\u0119 wi\u0119cej &raquo;<span class=\"screen-reader-text\">I Komunia \u015bw.<\/span><\/a><\/p>\n","protected":false},"author":1,"featured_media":0,"parent":419,"menu_order":0,"comment_status":"closed","ping_status":"closed","template":"","meta":{"neve_meta_sidebar":"","neve_meta_container":"","neve_meta_enable_content_width":"","neve_meta_content_width":0,"neve_meta_title_alignment":"","neve_meta_author_avatar":"","neve_post_elements_order":"","neve_meta_disable_header":"","neve_meta_disable_footer":"","neve_meta_disable_title":"","footnotes":""},"class_list":["post-423","page","type-page","status-publish","hentry"],"_links":{"self":[{"href":"https:\/\/wiazownica.przemyska.pl\/index.php\/wp-json\/wp\/v2\/pages\/423","targetHints":{"allow":["GET"]}}],"collection":[{"href":"https:\/\/wiazownica.przemyska.pl\/index.php\/wp-json\/wp\/v2\/pages"}],"about":[{"href":"https:\/\/wiazownica.przemyska.pl\/index.php\/wp-json\/wp\/v2\/types\/page"}],"author":[{"embeddable":true,"href":"https:\/\/wiazownica.przemyska.pl\/index.php\/wp-json\/wp\/v2\/users\/1"}],"replies":[{"embeddable":true,"href":"https:\/\/wiazownica.przemyska.pl\/index.php\/wp-json\/wp\/v2\/comments?post=423"}],"version-history":[{"count":24,"href":"https:\/\/wiazownica.przemyska.pl\/index.php\/wp-json\/wp\/v2\/pages\/423\/revisions"}],"predecessor-version":[{"id":8356,"href":"https:\/\/wiazownica.przemyska.pl\/index.php\/wp-json\/wp\/v2\/pages\/423\/revisions\/8356"}],"up":[{"embeddable":true,"href":"https:\/\/wiazownica.przemyska.pl\/index.php\/wp-json\/wp\/v2\/pages\/419"}],"wp:attachment":[{"href":"https:\/\/wiazownica.przemyska.pl\/index.php\/wp-json\/wp\/v2\/media?parent=423"}],"curies":[{"name":"wp","href":"https:\/\/api.w.org\/{rel}","templated":true}]}}