{"id":417,"date":"2022-03-07T11:24:52","date_gmt":"2022-03-07T10:24:52","guid":{"rendered":"https:\/\/wiazownica.przemyska.pl\/?page_id=417"},"modified":"2023-03-24T21:46:21","modified_gmt":"2023-03-24T20:46:21","slug":"historia","status":"publish","type":"page","link":"https:\/\/wiazownica.przemyska.pl\/index.php\/parafia\/historia\/","title":{"rendered":"Historia parafii"},"content":{"rendered":"\n<div class=\"wp-block-group has-base-background-color has-background\"><div class=\"wp-block-group__inner-container is-layout-flow wp-block-group-is-layout-flow\">\n<p style=\"font-style:normal;font-weight:400\">W 1622 r. uciekinierzy (przed epidemi\u0105) z Jaros\u0142awia wybudowali kaplic\u0119 pod wezwaniem \u015bw. Walentego, patrona &#8222;od morowego powietrza&#8221;.<\/p>\n\n\n\n<p style=\"font-style:normal;font-weight:400\">W 1720 r. do wybudowanej kaplicy dobudowano prezbiterium i w ten spos\u00f3b powsta\u0142 pierwszy ko\u015bci\u00f3\u0142. Opiek\u0119 nad tym ko\u015bcio\u0142em i Wi\u0105zownic\u0105 zlecono Kolegium Wikarych z Jaros\u0142awia.<\/p>\n\n\n\n<p style=\"font-style:normal;font-weight:400\">W 1753 r. Biskup Sierakowski utworzy\u0142 plac\u00f3wk\u0119 duszpastersk\u0105, kt\u00f3r\u0105 obs\u0142ugiwa\u0142 wikariusz z Jaros\u0142awia &#8211; przez pewien czas doje\u017cd\u017ca\u0142, a od 1802 r. zamieszka\u0142 na miejscu.<\/p>\n\n\n\n<p style=\"font-style:normal;font-weight:400\">W 1865 r. utworzono parafi\u0119, do kt\u00f3rej mia\u0142y nale\u017ce\u0107: Wi\u0105zownica, Piwoda, Nielepkowice, Manasterz i Czerwona Wola.<\/p>\n\n\n\n<p style=\"font-style:normal;font-weight:400\">W 1884 r. dotychczasowy ko\u015bci\u00f3\u0142 drewniany spali\u0142 si\u0119, w latach 1888-1890 r. wybudowano murowany w stylu gotyckim.&nbsp;<\/p>\n\n\n\n<p style=\"font-style:normal;font-weight:400\">W latach 1914-15 w czasie dzia\u0142a\u0144 wojennych ko\u015bci\u00f3\u0142 ten zosta\u0142 zburzony. Wybudowano tymczasow\u0105 kaplic\u0119, w kt\u00f3rej odprawiano nabo\u017ce\u0144stwa. W nowym miejscu w latach 1923-1926 wybudowano istniej\u0105cy do dzi\u015b ko\u015bci\u00f3\u0142.<\/p>\n<\/div><\/div>\n\n\n\n<div style=\"height:31px\" aria-hidden=\"true\" class=\"wp-block-spacer\"><\/div>\n\n\n\n<hr class=\"wp-block-separator has-text-color has-neve-link-color-color has-css-opacity has-neve-link-color-background-color has-background\"\/>\n\n\n\n<h4 class=\"has-neve-link-color-color has-text-color wp-block-heading\">   <strong>Proboszczowie parafii Wi\u0105zownica:<\/strong><\/h4>\n\n\n\n<ol class=\"wp-block-list\">\n<li><strong>Ks. Leon \u015awitalski<\/strong><br>1865-1877<\/li>\n\n\n\n<li><strong>Ks. Wojciech \u017bywicki<\/strong><br>1877-1887<\/li>\n\n\n\n<li><strong>Ks. Walenty Trojnar<\/strong><br>1888-1931<\/li>\n\n\n\n<li><strong>Ks. Stanis\u0142aw Sudo\u0142<\/strong><br>1931-1945<\/li>\n\n\n\n<li><strong>Ks. J\u00f3zef Mi\u015b<\/strong><br>1945-1968<\/li>\n\n\n\n<li><strong>Ks. W\u0142adys\u0142aw Prucnal<\/strong><br>1968-2001<\/li>\n\n\n\n<li><strong>Ks. Adam Rejman<\/strong><br>2001-2021<\/li>\n\n\n\n<li><strong>Ks. Jan Bober<\/strong><br>od 2021<\/li>\n<\/ol>\n\n\n\n<p><\/p>\n","protected":false},"excerpt":{"rendered":"<p>W 1622 r. uciekinierzy (przed epidemi\u0105) z Jaros\u0142awia wybudowali kaplic\u0119 pod wezwaniem \u015bw. Walentego, patrona &#8222;od morowego powietrza&#8221;. W 1720 r. do wybudowanej kaplicy dobudowano prezbiterium i w ten spos\u00f3b powsta\u0142 pierwszy ko\u015bci\u00f3\u0142. Opiek\u0119 nad tym ko\u015bcio\u0142em i Wi\u0105zownic\u0105 zlecono Kolegium Wikarych z Jaros\u0142awia. W 1753 r. Biskup Sierakowski utworzy\u0142 plac\u00f3wk\u0119 duszpastersk\u0105, kt\u00f3r\u0105 obs\u0142ugiwa\u0142 wikariusz&hellip;&nbsp;<a href=\"https:\/\/wiazownica.przemyska.pl\/index.php\/parafia\/historia\/\" rel=\"bookmark\">Dowiedz si\u0119 wi\u0119cej &raquo;<span class=\"screen-reader-text\">Historia parafii<\/span><\/a><\/p>\n","protected":false},"author":1,"featured_media":0,"parent":415,"menu_order":0,"comment_status":"closed","ping_status":"closed","template":"","meta":{"neve_meta_sidebar":"","neve_meta_container":"default","neve_meta_enable_content_width":"","neve_meta_content_width":0,"neve_meta_title_alignment":"","neve_meta_author_avatar":"","neve_post_elements_order":"","neve_meta_disable_header":"","neve_meta_disable_footer":"","neve_meta_disable_title":"","footnotes":""},"class_list":["post-417","page","type-page","status-publish","hentry"],"_links":{"self":[{"href":"https:\/\/wiazownica.przemyska.pl\/index.php\/wp-json\/wp\/v2\/pages\/417","targetHints":{"allow":["GET"]}}],"collection":[{"href":"https:\/\/wiazownica.przemyska.pl\/index.php\/wp-json\/wp\/v2\/pages"}],"about":[{"href":"https:\/\/wiazownica.przemyska.pl\/index.php\/wp-json\/wp\/v2\/types\/page"}],"author":[{"embeddable":true,"href":"https:\/\/wiazownica.przemyska.pl\/index.php\/wp-json\/wp\/v2\/users\/1"}],"replies":[{"embeddable":true,"href":"https:\/\/wiazownica.przemyska.pl\/index.php\/wp-json\/wp\/v2\/comments?post=417"}],"version-history":[{"count":18,"href":"https:\/\/wiazownica.przemyska.pl\/index.php\/wp-json\/wp\/v2\/pages\/417\/revisions"}],"predecessor-version":[{"id":5503,"href":"https:\/\/wiazownica.przemyska.pl\/index.php\/wp-json\/wp\/v2\/pages\/417\/revisions\/5503"}],"up":[{"embeddable":true,"href":"https:\/\/wiazownica.przemyska.pl\/index.php\/wp-json\/wp\/v2\/pages\/415"}],"wp:attachment":[{"href":"https:\/\/wiazownica.przemyska.pl\/index.php\/wp-json\/wp\/v2\/media?parent=417"}],"curies":[{"name":"wp","href":"https:\/\/api.w.org\/{rel}","templated":true}]}}

<div class="wp-block-group has-base-background-color has-background"><div class="wp-block-group__inner-container is-layout-flow wp-block-group-is-layout-flow">
<p style="font-style:normal;font-weight:400">W 1622 r. uciekinierzy (przed epidemią) z Jarosławia wybudowali kaplicę pod wezwaniem św. Walentego, patrona &#8222;od morowego powietrza&#8221;.</p>



<p style="font-style:normal;font-weight:400">W 1720 r. do wybudowanej kaplicy dobudowano prezbiterium i w ten sposób powstał pierwszy kościół. Opiekę nad tym kościołem i Wiązownicą zlecono Kolegium Wikarych z Jarosławia.</p>



<p style="font-style:normal;font-weight:400">W 1753 r. Biskup Sierakowski utworzył placówkę duszpasterską, którą obsługiwał wikariusz z Jarosławia &#8211; przez pewien czas dojeżdżał, a od 1802 r. zamieszkał na miejscu.</p>



<p style="font-style:normal;font-weight:400">W 1865 r. utworzono parafię, do której miały należeć: Wiązownica, Piwoda, Nielepkowice, Manasterz i Czerwona Wola.</p>



<p style="font-style:normal;font-weight:400">W 1884 r. dotychczasowy kościół drewniany spalił się, w latach 1888-1890 r. wybudowano murowany w stylu gotyckim.&nbsp;</p>



<p style="font-style:normal;font-weight:400">W latach 1914-15 w czasie działań wojennych kościół ten został zburzony. Wybudowano tymczasową kaplicę, w której odprawiano nabożeństwa. W nowym miejscu w latach 1923-1926 wybudowano istniejący do dziś kościół.</p>
</div></div>



<div style="height:31px" aria-hidden="true" class="wp-block-spacer"></div>



<hr class="wp-block-separator has-text-color has-neve-link-color-color has-css-opacity has-neve-link-color-background-color has-background"/>



<h4 class="has-neve-link-color-color has-text-color wp-block-heading">   <strong>Proboszczowie parafii Wiązownica:</strong></h4>



<ol class="wp-block-list">
<li><strong>Ks. Leon Świtalski</strong><br>1865-1877</li>



<li><strong>Ks. Wojciech Żywicki</strong><br>1877-1887</li>



<li><strong>Ks. Walenty Trojnar</strong><br>1888-1931</li>



<li><strong>Ks. Stanisław Sudoł</strong><br>1931-1945</li>



<li><strong>Ks. Józef Miś</strong><br>1945-1968</li>



<li><strong>Ks. Władysław Prucnal</strong><br>1968-2001</li>



<li><strong>Ks. Adam Rejman</strong><br>2001-2021</li>



<li><strong>Ks. Jan Bober</strong><br>od 2021</li>
</ol>



<p></p>

<p>W 1622 r. uciekinierzy (przed epidemią) z Jarosławia wybudowali kaplicę pod wezwaniem św. Walentego, patrona &#8222;od morowego powietrza&#8221;. W 1720 r. do wybudowanej kaplicy dobudowano prezbiterium i w ten sposób powstał pierwszy kościół. Opiekę nad tym kościołem i Wiązownicą zlecono Kolegium Wikarych z Jarosławia. W 1753 r. Biskup Sierakowski utworzył placówkę duszpasterską, którą obsługiwał wikariusz&hellip;&nbsp;<a href="https://wiazownica.przemyska.pl/index.php/parafia/historia/" rel="bookmark">Dowiedz się więcej &raquo;<span class="screen-reader-text">Historia parafii</span></a></p>
