{"id":243,"date":"2022-03-06T16:53:56","date_gmt":"2022-03-06T15:53:56","guid":{"rendered":"https:\/\/wiazownica.przemyska.pl\/?page_id=243"},"modified":"2022-04-24T07:17:17","modified_gmt":"2022-04-24T05:17:17","slug":"patroni-parafii","status":"publish","type":"page","link":"https:\/\/wiazownica.przemyska.pl\/index.php\/parafia\/patroni-parafii\/","title":{"rendered":"Patroni parafii"},"content":{"rendered":"\t\t<div data-elementor-type=\"wp-page\" data-elementor-id=\"243\" class=\"elementor elementor-243\">\n\t\t\t\t\t\t<section class=\"elementor-section elementor-top-section elementor-element elementor-element-e484408 elementor-section-boxed elementor-section-height-default elementor-section-height-default\" data-id=\"e484408\" data-element_type=\"section\" data-e-type=\"section\" data-settings=\"{&quot;background_background&quot;:&quot;classic&quot;}\">\n\t\t\t\t\t\t<div class=\"elementor-container elementor-column-gap-default\">\n\t\t\t\t\t<div class=\"elementor-column elementor-col-33 elementor-top-column elementor-element elementor-element-092ae72\" data-id=\"092ae72\" data-element_type=\"column\" data-e-type=\"column\">\n\t\t\t<div class=\"elementor-widget-wrap elementor-element-populated\">\n\t\t\t\t\t\t<div class=\"elementor-element elementor-element-1925842 elementor-widget elementor-widget-image\" data-id=\"1925842\" data-element_type=\"widget\" data-e-type=\"widget\" data-widget_type=\"image.default\">\n\t\t\t\t<div class=\"elementor-widget-container\">\n\t\t\t\t\t\t\t\t\t\t\t\t\t\t\t<img fetchpriority=\"high\" decoding=\"async\" width=\"200\" height=\"346\" src=\"https:\/\/wiazownica.przemyska.pl\/wp-content\/uploads\/2022\/03\/0214-walenty_1.jpg\" class=\"attachment-large size-large wp-image-244\" alt=\"\" srcset=\"https:\/\/wiazownica.przemyska.pl\/wp-content\/uploads\/2022\/03\/0214-walenty_1.jpg 200w, https:\/\/wiazownica.przemyska.pl\/wp-content\/uploads\/2022\/03\/0214-walenty_1-173x300.jpg 173w\" sizes=\"(max-width: 200px) 100vw, 200px\" \/>\t\t\t\t\t\t\t\t\t\t\t\t\t\t\t<\/div>\n\t\t\t\t<\/div>\n\t\t\t\t\t<\/div>\n\t\t<\/div>\n\t\t\t\t<div class=\"elementor-column elementor-col-66 elementor-top-column elementor-element elementor-element-fc49ea2\" data-id=\"fc49ea2\" data-element_type=\"column\" data-e-type=\"column\">\n\t\t\t<div class=\"elementor-widget-wrap elementor-element-populated\">\n\t\t\t\t\t\t<div class=\"elementor-element elementor-element-1089d2b elementor-widget elementor-widget-text-editor\" data-id=\"1089d2b\" data-element_type=\"widget\" data-e-type=\"widget\" data-widget_type=\"text-editor.default\">\n\t\t\t\t<div class=\"elementor-widget-container\">\n\t\t\t\t\t\t\t\t\t<h4 class=\"has-nv-c-1-color has-text-color\"><span style=\"color: #003366;\"><strong>\u015awi\u0119ty Walenty,&nbsp;biskup i m\u0119czennik &#8211; Patron naszej parafii<\/strong><\/span><\/h4>\n<h5 class=\"has-nv-c-1-color has-text-color\"><span style=\"color: #666699;\"><strong>odpust 14 lutego<\/strong><\/span><\/h5>\n<p>Walenty by\u0142 biskupem Terni w Umbrii. Wiadomo\u015bci o nim s\u0105 do\u015b\u0107 sk\u0105pe i niejednoznaczne. \u017by\u0142 w III w. i by\u0142 kap\u0142anem rzymskim. Tam w czasie prze\u015bladowa\u0144 (Klaudiusza II Gota), wraz ze \u015bw. Mariuszem i krewnymi, asystowa\u0142 m\u0119czennikom w czasie ich proces\u00f3w i egzekucji. Wkr\u00f3tce sam zosta\u0142 pojmany i doprowadzony do prefekta Rzymu, kt\u00f3ry przeprowadzi\u0142 rutynowy proces polegaj\u0105cy na wymuszaniu odst\u0119pstwa od Chrystusa. W tym celu kaza\u0142 u\u017cy\u0107 kij\u00f3w. Poniewa\u017c nie przynios\u0142o to oczekiwanego rezultatu, kaza\u0142 \u015bci\u0105\u0107 Walentego. Sta\u0142o si\u0119 to 14 lutego 269 roku.<br>Pochowano go w Rzymie przy via Flaminia. Brak bli\u017cszych wiadomo\u015bci o nim nie przeszkodzi\u0142 w szybkim rozwoju jego kultu. Jego gr\u00f3b ju\u017c w IV w. otoczony by\u0142 szczeg\u00f3ln\u0105 czci\u0105. Nad grobem papie\u017c Juliusz I wystawi\u0142 bazylik\u0119 pod wezwaniem \u015bw. Walentego. Odnowi\u0142 j\u0105 p\u00f3\u017aniej papie\u017c Teodor I. Bazylika wraz z grobem \u015bw. Walentego sta\u0142a si\u0119 prawdziwym sanktuarium i jednym z pierwszych miejsc pielgrzymkowych. W ci\u0105gu \u015bredniowiecza kult Walentego obj\u0105\u0142 ca\u0142\u0105 niemal Europ\u0119.<br>W \u015bredniowieczu na terenie niemieckim \u015awi\u0119ty by\u0142 wzywany jako or\u0119downik podczas ci\u0119\u017ckich chor\u00f3b, zw\u0142aszcza nerwowych i epilepsji. Na Zachodzie, zw\u0142aszcza w Anglii i Stanach Zjednoczonych, czczono \u015bw. Walentego jako patrona zakochanych. W zwi\u0105zku z tym dzie\u0144 14 lutego sta\u0142 si\u0119 okazj\u0105 do obdarowywania si\u0119 drobnymi upominkami. W ikonografii \u015bw. Walenty przedstawiany jest jako kap\u0142an w ornacie, z kielichem w lewej r\u0119ce, a z mieczem w prawej, tak\u017ce w stroju biskupa uzdrawiaj\u0105cego ch\u0142opca z padaczki.<\/p>\t\t\t\t\t\t\t\t<\/div>\n\t\t\t\t<\/div>\n\t\t\t\t\t<\/div>\n\t\t<\/div>\n\t\t\t\t\t<\/div>\n\t\t<\/section>\n\t\t\t\t<section class=\"elementor-section elementor-top-section elementor-element elementor-element-d3e2e71 elementor-reverse-mobile elementor-section-boxed elementor-section-height-default elementor-section-height-default\" data-id=\"d3e2e71\" data-element_type=\"section\" data-e-type=\"section\" data-settings=\"{&quot;background_background&quot;:&quot;classic&quot;}\">\n\t\t\t\t\t\t<div class=\"elementor-container elementor-column-gap-default\">\n\t\t\t\t\t<div class=\"elementor-column elementor-col-66 elementor-top-column elementor-element elementor-element-a704041\" data-id=\"a704041\" data-element_type=\"column\" data-e-type=\"column\">\n\t\t\t<div class=\"elementor-widget-wrap elementor-element-populated\">\n\t\t\t\t\t\t<div class=\"elementor-element elementor-element-28ba3c8 elementor-widget elementor-widget-text-editor\" data-id=\"28ba3c8\" data-element_type=\"widget\" data-e-type=\"widget\" data-widget_type=\"text-editor.default\">\n\t\t\t\t<div class=\"elementor-widget-container\">\n\t\t\t\t\t\t\t\t\t<h4 class=\"has-nv-c-1-color has-text-color\"><span style=\"color: #003366;\"><strong>Narodzenie Naj\u015bwi\u0119tszej Maryi Panny<\/strong><\/span><\/h4><h5 class=\"has-nv-c-1-color has-text-color\"><span style=\"color: #666699;\"><strong>odpust 8 wrze\u015bnia<\/strong><\/span><\/h5><p>Pierwsze wzmianki o liturgicznym obchodzie narodzin Maryi pochodz\u0105 z VI w. \u015awi\u0119to powsta\u0142o prawdopodobnie w Syrii, gdy po Soborze Efeskim kult maryjny w Ko\u015bciele przybra\u0142 zdecydowanie na sile. Wprowadzenie tego \u015bwi\u0119ta przypisuje si\u0119 papie\u017cowi \u015bw. Sergiuszowi I w 688 r. Na Wschodzie uroczysto\u015b\u0107 ta musia\u0142a istnie\u0107 wcze\u015bniej, bo kazania-homilie wyg\u0142aszali o niej \u015bw. German (+ 732) i \u015bw. Jan Damasce\u0144ski (+ 749). W Rzymie gromadzono si\u0119 w dniu tego \u015bwi\u0119ta w ko\u015bciele \u015bw. Adriana, kt\u00f3ry by\u0142 przerobiony z dawnej sali senatu rzymskiego, po czym w uroczystej procesji udawali si\u0119 wszyscy z zapalonymi \u015bwiecami do bazyliki Matki Bo\u017cej Wi\u0119kszej. Dat\u0119 8 wrze\u015bnia Ko\u015bci\u00f3\u0142 przyj\u0105\u0142 ze Wschodu &#8211; w tym dniu obch\u00f3d ten znajdowa\u0142 si\u0119 w sakramentarzach gelazja\u0144skim i gregoria\u0144skim. \u015awi\u0119to rozszerza\u0142o si\u0119 w Ko\u015bciele do\u015b\u0107 wolno &#8211; wynika\u0142o to m.in. z tego, \u017ce wszelkie informacje o okoliczno\u015bciach narodzenia Bo\u017cej Rodzicielki pochodzi\u0142y z apokryf\u00f3w.<\/p><p>\u015awi\u0119to Narodzenia Naj\u015bwi\u0119tszej Maryi Panny ma tak\u017ce nazw\u0119 Matki Bo\u017cej Siewnej. By\u0142 bowiem dawny zwyczaj, \u017ce dopiero po tym \u015bwi\u0119cie i uprz\u0105tni\u0119ciu p\u00f3l zaczynano ork\u0119 i siew. Lud chcia\u0142 najpierw, aby rzucone w ziemi\u0119 ziarno pob\u0142ogos\u0142awi\u0142a Bo\u017ca Rodzicielka. Do ziarna siewnego mieszano ziarno wy\u0142uskane z k\u0142os\u00f3w, kt\u00f3re by\u0142y wraz z kwiatami i zio\u0142ami po\u015bwi\u0119cane w uroczysto\u015b\u0107 Wniebowzi\u0119cia Matki Bo\u017cej, by uprosi\u0107 sobie dobry urodzaj. Na Podhalu \u015bwi\u0119to 8 wrze\u015bnia nazywano Zitosiewn\u0105, gdy\u017c tam sieje si\u0119 wtedy \u017cyto. W \u015bwi\u0119to Matki Bo\u017cej Siewnej urz\u0105dzano tak\u017ce do\u017cynki. We W\u0142oszech i niekt\u00f3rych krajach \u0142aci\u0144skich istnieje kult Maryi-Dzieci\u0119cia. We W\u0142oszech istniej\u0105 nawet sanktuaria &#8211; a wi\u0119c miejsca, gdzie s\u0105 czczone jako cudowne figurki i obrazy Maryi-Niemowl\u0119cia w ko\u0142ysce. Do nich nale\u017c\u0105 mi\u0119dzy innymi: Madonna Bambina w Forno Canavese, Madonna Bambina w katedrze mediola\u0144skiej &#8211; najwspanialszej \u015bwi\u0105tyni wzniesionej pod wezwaniem Narodzenia Naj\u015bwi\u0119tszej Maryi Panny; Madonna Bambina w kaplicy domu generalnego Si\u00f3str Mi\u0142osierdzia. Matka Bo\u017ca-Dzieci\u0105tko jest g\u0142\u00f3wn\u0105 Patronk\u0105 tego zgromadzenia. Czwarte sanktuarium Matki Bo\u017cej-Dzieci\u0105tka jest w Mercatello &#8211; znajduje si\u0119 tam obraz namalowany przez \u015bw. Weronik\u0119 Giuliani (+ 1727).Dzisiejsze \u015bwi\u0119to przypomina nam, \u017ce Maryja by\u0142a zwyk\u0142ym cz\u0142owiekiem. Cho\u0107 zachowana od zepsucia grzechu, przez ca\u0142e \u017cycie posiada\u0142a woln\u0105 wol\u0119, nie by\u0142a do niczego zdeterminowana. Tak jak ka\u017cdy z nas mia\u0142a swoich rodzic\u00f3w, ros\u0142a, bawi\u0142a si\u0119, pomaga\u0142a w prowadzeniu domu, mia\u0142a swoich znajomych i krewnych. Dopiero Jej zaufanie, pos\u0142usze\u0144stwo i pe\u0142na zawierzenia odpowied\u017a na Bo\u017cy g\u0142os sprawi\u0142y, \u017ce &#8222;b\u0119d\u0105 J\u0105 chwali\u0107 wszystkie pokolenia&#8221;.<\/p>\t\t\t\t\t\t\t\t<\/div>\n\t\t\t\t<\/div>\n\t\t\t\t\t<\/div>\n\t\t<\/div>\n\t\t\t\t<div class=\"elementor-column elementor-col-33 elementor-top-column elementor-element elementor-element-9f99a5d\" data-id=\"9f99a5d\" data-element_type=\"column\" data-e-type=\"column\">\n\t\t\t<div class=\"elementor-widget-wrap elementor-element-populated\">\n\t\t\t\t\t\t<div class=\"elementor-element elementor-element-7b9512f elementor-widget elementor-widget-image\" data-id=\"7b9512f\" data-element_type=\"widget\" data-e-type=\"widget\" data-widget_type=\"image.default\">\n\t\t\t\t<div class=\"elementor-widget-container\">\n\t\t\t\t\t\t\t\t\t\t\t\t\t\t\t<img decoding=\"async\" width=\"200\" height=\"249\" src=\"https:\/\/wiazownica.przemyska.pl\/wp-content\/uploads\/2022\/03\/0809-narodzenie_3.jpg\" class=\"attachment-large size-large wp-image-252\" alt=\"\" \/>\t\t\t\t\t\t\t\t\t\t\t\t\t\t\t<\/div>\n\t\t\t\t<\/div>\n\t\t\t\t\t<\/div>\n\t\t<\/div>\n\t\t\t\t\t<\/div>\n\t\t<\/section>\n\t\t\t\t<\/div>\n\t\t","protected":false},"excerpt":{"rendered":"<p>\u015awi\u0119ty Walenty,&nbsp;biskup i m\u0119czennik &#8211; Patron naszej parafii odpust 14 lutego Walenty by\u0142 biskupem Terni w Umbrii. Wiadomo\u015bci o nim s\u0105 do\u015b\u0107 sk\u0105pe i niejednoznaczne. \u017by\u0142 w III w. i by\u0142 kap\u0142anem rzymskim. Tam w czasie prze\u015bladowa\u0144 (Klaudiusza II Gota), wraz ze \u015bw. Mariuszem i krewnymi, asystowa\u0142 m\u0119czennikom w czasie ich proces\u00f3w i egzekucji. Wkr\u00f3tce&hellip;&nbsp;<a href=\"https:\/\/wiazownica.przemyska.pl\/index.php\/parafia\/patroni-parafii\/\" rel=\"bookmark\">Dowiedz si\u0119 wi\u0119cej &raquo;<span class=\"screen-reader-text\">Patroni parafii<\/span><\/a><\/p>\n","protected":false},"author":1,"featured_media":0,"parent":415,"menu_order":0,"comment_status":"closed","ping_status":"closed","template":"","meta":{"neve_meta_sidebar":"","neve_meta_container":"","neve_meta_enable_content_width":"","neve_meta_content_width":0,"neve_meta_title_alignment":"","neve_meta_author_avatar":"","neve_post_elements_order":"","neve_meta_disable_header":"","neve_meta_disable_footer":"","neve_meta_disable_title":"","footnotes":""},"class_list":["post-243","page","type-page","status-publish","hentry"],"_links":{"self":[{"href":"https:\/\/wiazownica.przemyska.pl\/index.php\/wp-json\/wp\/v2\/pages\/243","targetHints":{"allow":["GET"]}}],"collection":[{"href":"https:\/\/wiazownica.przemyska.pl\/index.php\/wp-json\/wp\/v2\/pages"}],"about":[{"href":"https:\/\/wiazownica.przemyska.pl\/index.php\/wp-json\/wp\/v2\/types\/page"}],"author":[{"embeddable":true,"href":"https:\/\/wiazownica.przemyska.pl\/index.php\/wp-json\/wp\/v2\/users\/1"}],"replies":[{"embeddable":true,"href":"https:\/\/wiazownica.przemyska.pl\/index.php\/wp-json\/wp\/v2\/comments?post=243"}],"version-history":[{"count":37,"href":"https:\/\/wiazownica.przemyska.pl\/index.php\/wp-json\/wp\/v2\/pages\/243\/revisions"}],"predecessor-version":[{"id":3706,"href":"https:\/\/wiazownica.przemyska.pl\/index.php\/wp-json\/wp\/v2\/pages\/243\/revisions\/3706"}],"up":[{"embeddable":true,"href":"https:\/\/wiazownica.przemyska.pl\/index.php\/wp-json\/wp\/v2\/pages\/415"}],"wp:attachment":[{"href":"https:\/\/wiazownica.przemyska.pl\/index.php\/wp-json\/wp\/v2\/media?parent=243"}],"curies":[{"name":"wp","href":"https:\/\/api.w.org\/{rel}","templated":true}]}}

<div data-elementor-type="wp-page" data-elementor-id="243" class="elementor elementor-243">
						<section class="elementor-section elementor-top-section elementor-element elementor-element-e484408 elementor-section-boxed elementor-section-height-default elementor-section-height-default" data-id="e484408" data-element_type="section" data-e-type="section" data-settings="{&quot;background_background&quot;:&quot;classic&quot;}">
						<div class="elementor-container elementor-column-gap-default">
					<div class="elementor-column elementor-col-33 elementor-top-column elementor-element elementor-element-092ae72" data-id="092ae72" data-element_type="column" data-e-type="column">
			<div class="elementor-widget-wrap elementor-element-populated">
						<div class="elementor-element elementor-element-1925842 elementor-widget elementor-widget-image" data-id="1925842" data-element_type="widget" data-e-type="widget" data-widget_type="image.default">
				<div class="elementor-widget-container">
															<img fetchpriority="high" decoding="async" width="200" height="346" src="https://wiazownica.przemyska.pl/wp-content/uploads/2022/03/0214-walenty_1.jpg" class="attachment-large size-large wp-image-244" alt="" srcset="https://wiazownica.przemyska.pl/wp-content/uploads/2022/03/0214-walenty_1.jpg 200w, https://wiazownica.przemyska.pl/wp-content/uploads/2022/03/0214-walenty_1-173x300.jpg 173w" sizes="(max-width: 200px) 100vw, 200px" />															</div>
				</div>
					</div>
		</div>
				<div class="elementor-column elementor-col-66 elementor-top-column elementor-element elementor-element-fc49ea2" data-id="fc49ea2" data-element_type="column" data-e-type="column">
			<div class="elementor-widget-wrap elementor-element-populated">
						<div class="elementor-element elementor-element-1089d2b elementor-widget elementor-widget-text-editor" data-id="1089d2b" data-element_type="widget" data-e-type="widget" data-widget_type="text-editor.default">
				<div class="elementor-widget-container">
									<h4 class="has-nv-c-1-color has-text-color"><span style="color: #003366;"><strong>Święty Walenty,&nbsp;biskup i męczennik &#8211; Patron naszej parafii</strong></span></h4>
<h5 class="has-nv-c-1-color has-text-color"><span style="color: #666699;"><strong>odpust 14 lutego</strong></span></h5>
<p>Walenty był biskupem Terni w Umbrii. Wiadomości o nim są dość skąpe i niejednoznaczne. Żył w III w. i był kapłanem rzymskim. Tam w czasie prześladowań (Klaudiusza II Gota), wraz ze św. Mariuszem i krewnymi, asystował męczennikom w czasie ich procesów i egzekucji. Wkrótce sam został pojmany i doprowadzony do prefekta Rzymu, który przeprowadził rutynowy proces polegający na wymuszaniu odstępstwa od Chrystusa. W tym celu kazał użyć kijów. Ponieważ nie przyniosło to oczekiwanego rezultatu, kazał ściąć Walentego. Stało się to 14 lutego 269 roku.<br>Pochowano go w Rzymie przy via Flaminia. Brak bliższych wiadomości o nim nie przeszkodził w szybkim rozwoju jego kultu. Jego grób już w IV w. otoczony był szczególną czcią. Nad grobem papież Juliusz I wystawił bazylikę pod wezwaniem św. Walentego. Odnowił ją później papież Teodor I. Bazylika wraz z grobem św. Walentego stała się prawdziwym sanktuarium i jednym z pierwszych miejsc pielgrzymkowych. W ciągu średniowiecza kult Walentego objął całą niemal Europę.<br>W średniowieczu na terenie niemieckim Święty był wzywany jako orędownik podczas ciężkich chorób, zwłaszcza nerwowych i epilepsji. Na Zachodzie, zwłaszcza w Anglii i Stanach Zjednoczonych, czczono św. Walentego jako patrona zakochanych. W związku z tym dzień 14 lutego stał się okazją do obdarowywania się drobnymi upominkami. W ikonografii św. Walenty przedstawiany jest jako kapłan w ornacie, z kielichem w lewej ręce, a z mieczem w prawej, także w stroju biskupa uzdrawiającego chłopca z padaczki.</p>								</div>
				</div>
					</div>
		</div>
					</div>
		</section>
				<section class="elementor-section elementor-top-section elementor-element elementor-element-d3e2e71 elementor-reverse-mobile elementor-section-boxed elementor-section-height-default elementor-section-height-default" data-id="d3e2e71" data-element_type="section" data-e-type="section" data-settings="{&quot;background_background&quot;:&quot;classic&quot;}">
						<div class="elementor-container elementor-column-gap-default">
					<div class="elementor-column elementor-col-66 elementor-top-column elementor-element elementor-element-a704041" data-id="a704041" data-element_type="column" data-e-type="column">
			<div class="elementor-widget-wrap elementor-element-populated">
						<div class="elementor-element elementor-element-28ba3c8 elementor-widget elementor-widget-text-editor" data-id="28ba3c8" data-element_type="widget" data-e-type="widget" data-widget_type="text-editor.default">
				<div class="elementor-widget-container">
									<h4 class="has-nv-c-1-color has-text-color"><span style="color: #003366;"><strong>Narodzenie Najświętszej Maryi Panny</strong></span></h4><h5 class="has-nv-c-1-color has-text-color"><span style="color: #666699;"><strong>odpust 8 września</strong></span></h5><p>Pierwsze wzmianki o liturgicznym obchodzie narodzin Maryi pochodzą z VI w. Święto powstało prawdopodobnie w Syrii, gdy po Soborze Efeskim kult maryjny w Kościele przybrał zdecydowanie na sile. Wprowadzenie tego święta przypisuje się papieżowi św. Sergiuszowi I w 688 r. Na Wschodzie uroczystość ta musiała istnieć wcześniej, bo kazania-homilie wygłaszali o niej św. German (+ 732) i św. Jan Damasceński (+ 749). W Rzymie gromadzono się w dniu tego święta w kościele św. Adriana, który był przerobiony z dawnej sali senatu rzymskiego, po czym w uroczystej procesji udawali się wszyscy z zapalonymi świecami do bazyliki Matki Bożej Większej. Datę 8 września Kościół przyjął ze Wschodu &#8211; w tym dniu obchód ten znajdował się w sakramentarzach gelazjańskim i gregoriańskim. Święto rozszerzało się w Kościele dość wolno &#8211; wynikało to m.in. z tego, że wszelkie informacje o okolicznościach narodzenia Bożej Rodzicielki pochodziły z apokryfów.</p><p>Święto Narodzenia Najświętszej Maryi Panny ma także nazwę Matki Bożej Siewnej. Był bowiem dawny zwyczaj, że dopiero po tym święcie i uprzątnięciu pól zaczynano orkę i siew. Lud chciał najpierw, aby rzucone w ziemię ziarno pobłogosławiła Boża Rodzicielka. Do ziarna siewnego mieszano ziarno wyłuskane z kłosów, które były wraz z kwiatami i ziołami poświęcane w uroczystość Wniebowzięcia Matki Bożej, by uprosić sobie dobry urodzaj. Na Podhalu święto 8 września nazywano Zitosiewną, gdyż tam sieje się wtedy żyto. W święto Matki Bożej Siewnej urządzano także dożynki. We Włoszech i niektórych krajach łacińskich istnieje kult Maryi-Dziecięcia. We Włoszech istnieją nawet sanktuaria &#8211; a więc miejsca, gdzie są czczone jako cudowne figurki i obrazy Maryi-Niemowlęcia w kołysce. Do nich należą między innymi: Madonna Bambina w Forno Canavese, Madonna Bambina w katedrze mediolańskiej &#8211; najwspanialszej świątyni wzniesionej pod wezwaniem Narodzenia Najświętszej Maryi Panny; Madonna Bambina w kaplicy domu generalnego Sióstr Miłosierdzia. Matka Boża-Dzieciątko jest główną Patronką tego zgromadzenia. Czwarte sanktuarium Matki Bożej-Dzieciątka jest w Mercatello &#8211; znajduje się tam obraz namalowany przez św. Weronikę Giuliani (+ 1727).Dzisiejsze święto przypomina nam, że Maryja była zwykłym człowiekiem. Choć zachowana od zepsucia grzechu, przez całe życie posiadała wolną wolę, nie była do niczego zdeterminowana. Tak jak każdy z nas miała swoich rodziców, rosła, bawiła się, pomagała w prowadzeniu domu, miała swoich znajomych i krewnych. Dopiero Jej zaufanie, posłuszeństwo i pełna zawierzenia odpowiedź na Boży głos sprawiły, że &#8222;będą Ją chwalić wszystkie pokolenia&#8221;.</p>								</div>
				</div>
					</div>
		</div>
				<div class="elementor-column elementor-col-33 elementor-top-column elementor-element elementor-element-9f99a5d" data-id="9f99a5d" data-element_type="column" data-e-type="column">
			<div class="elementor-widget-wrap elementor-element-populated">
						<div class="elementor-element elementor-element-7b9512f elementor-widget elementor-widget-image" data-id="7b9512f" data-element_type="widget" data-e-type="widget" data-widget_type="image.default">
				<div class="elementor-widget-container">
															<img decoding="async" width="200" height="249" src="https://wiazownica.przemyska.pl/wp-content/uploads/2022/03/0809-narodzenie_3.jpg" class="attachment-large size-large wp-image-252" alt="" />															</div>
				</div>
					</div>
		</div>
					</div>
		</section>
				</div>

<p>Święty Walenty,&nbsp;biskup i męczennik &#8211; Patron naszej parafii odpust 14 lutego Walenty był biskupem Terni w Umbrii. Wiadomości o nim są dość skąpe i niejednoznaczne. Żył w III w. i był kapłanem rzymskim. Tam w czasie prześladowań (Klaudiusza II Gota), wraz ze św. Mariuszem i krewnymi, asystował męczennikom w czasie ich procesów i egzekucji. Wkrótce&hellip;&nbsp;<a href="https://wiazownica.przemyska.pl/index.php/parafia/patroni-parafii/" rel="bookmark">Dowiedz się więcej &raquo;<span class="screen-reader-text">Patroni parafii</span></a></p>
